7 composite?
True
Is 721740373 composite?
True
Is 33020053883 a prime number?
True
Is 84147689363 a prime number?
True
Is 26991621827 a composite number?
False
Is 761538991 composite?
True
Is 180926839 prime?
True
Is 4368092681 a composite number?
False
Is 53279861 composite?
False
Is 21654664183 prime?
True
Is 133505363281 a prime number?
False
Is 326503393 a prime number?
True
Is 154125627977 prime?
True
Is 46899706271 a composite number?
True
Is 4571591631 a composite number?
True
Is 543617533 a composite number?
False
Is 3375384707 composite?
False
Is 18461091713 prime?
False
Is 39705671 prime?
False
Is 807896059 prime?
False
Is 960297971 a composite number?
False
Is 1884314837 a prime number?
True
Is 26136300251 prime?
False
Is 1201930843 prime?
False
Is 101111683 a prime number?
False
Is 39159935839 a composite number?
False
Is 21867808843 a composite number?
True
Is 1461555581 a composite number?
False
Is 41466181 composite?
True
Is 346062797 prime?
True
Is 3039339727 a composite number?
True
Is 3344315719 a prime number?
True
Is 240049639 a composite number?
True
Is 228759967 a composite number?
False
Is 218123794703 composite?
True
Is 5022872233 prime?
False
Is 911966609 prime?
True
Is 430634117 prime?
True
Is 88231027342 a composite number?
True
Is 63259519 a composite number?
False
Is 6521481959 composite?
True
Is 28796483 composite?
True
Is 907534913 a composite number?
False
Is 595440199 a composite number?
False
Is 329173149 prime?
False
Is 47072447 prime?
False
Is 20989243733 composite?
False
Is 1003245097 prime?
True
Is 50080343527 composite?
True
Is 23841094187 a prime number?
False
Is 1462863113 composite?
True
Is 129439311359 prime?
False
Is 3548963059 composite?
False
Is 2197543057 a composite number?
True
Is 150194687 a composite number?
False
Is 4035579481 a prime number?
False
Is 268304437 prime?
False
Is 154205013 composite?
True
Is 19045583845 prime?
False
Is 3102095753 prime?
True
Is 109261177 a prime number?
False
Is 1266902431 composite?
True
Is 24380982107 prime?
False
Is 420673459 a prime number?
False
Is 9633382987 composite?
False
Is 26533810481 a prime number?
False
Is 1023435229 composite?
True
Is 24149339741 a prime number?
True
Is 42776041417 a composite number?
False
Is 4692349811 composite?
False
Is 2229250109 composite?
False
Is 75387819635 a composite number?
True
Is 3402601409 a composite number?
True
Is 9347883991 a prime number?
False
Is 399405839 composite?
True
Is 333232564186 composite?
True
Is 14098101 a composite number?
True
Is 4611439267 composite?
True
Is 66147255407 composite?
False
Is 34376974339 prime?
False
Is 14383932839 a composite number?
False
Is 13469069797 a composite number?
True
Is 34807258 a prime number?
False
Is 328321291 a composite number?
False
Is 847150859 a composite number?
True
Is 2226350261 a composite number?
False
Is 1136953967 a prime number?
True
Is 201283867 a composite number?
True
Is 1993198481 a prime number?
True
Is 15317913547 prime?
True
Is 11926650629 a prime number?
True
Is 3940274959 composite?
False
Is 490671913 composite?
True
Is 1218417749 prime?
True
Is 779134019 prime?
False
Is 22729370467 composite?
True
Is 547026841 prime?
False
Is 28817378539 a prime number?
True
Is 2573286127 prime?
False
Is 35563768921 composite?
True
Is 17761011803 prime?
True
Is 62099099 a prime number?
True
Is 5923712191 a composite number?
True
Is 7943694571 composite?
False
Is 4197883021 prime?
False
Is 54925231 composite?
True
Is 15062001101 a prime number?
False
Is 2456782221 a composite number?
True
Is 6014407519 prime?
True
Is 2528112777 composite?
True
Is 11291209805 a prime number?
False
Is 162716504933 a composite number?
True
Is 264430188359 a prime number?
True
Is 116976715 prime?
False
Is 3518274191 a composite number?
False
Is 2592752779 composite?
True
Is 60686771 composite?
True
Is 1551483059 prime?
False
Is 1079638583 composite?
False
Is 22557695239 composite?
False
Is 253757381 composite?
True
Is 425355729 a prime number?
False
Is 648369401 a composite number?
True
Is 198167117 prime?
False
Is 398564927 composite?
False
Is 44530101074 composite?
True
Is 1533836261 a composite number?
True
Is 34513366285 composite?
True
Is 510537917 a prime number?
True
Is 391817747 prime?
False
Is 10168743259 a prime number?
True
Is 907040773 prime?
True
Is 2399878837 composite?
True
Is 8154498271 composite?
False
Is 3212136691 composite?
True
Is 33325982951 a composite number?
False
Is 571125311 prime?
True
Is 2367665141 composite?
False
Is 16795224619 prime?
True
Is 1224566363 a composite number?
True
Is 12401754961 a composite number?
True
Is 3978115417 a prime number?
False
Is 43019560501 a prime number?
True
Is 3687149047 a prime number?
True
Is 354260117 prime?
True
Is 14854111927 a composite number?
False
Is 7215275759 a composite number?
False
Is 884899579 a prime number?
True
Is 17843012039 composite?
False
Is 10505602423 composite?
True
Is 1135350267 a prime number?
False
Is 35716944253 composite?
False
Is 432308251 a prime number?
True
Is 1095151289 composite?
False
Is 159298691 a prime number?
True
Is 7693511597 prime?
False
Is 13785070661 a composite number?
False
Is 14691362977 a composite number?
True
Is 16982782 prime?
False
Is 74390761 a composite number?
False
Is 6204222007 prime?
False
Is 20243444999 prime?
True
Is 59136643907 composite?
True
Is 1708570291 composite?
True
Is 3661505933 a prime number?
False
Is 15972622417 a composite number?
False
Is 159358289393 a composite number?
False
Is 2701641035 composite?
True
Is 4482756517 a prime number?
True
Is 144102550151 prime?
False
Is 1121870443 a composite number?
True
Is 2302894337 a prime number?
True
Is 15138331621 a prime number?
False
Is 258888061 composite?
True
Is 13982359327 prime?
True
Is 15340653929 a composite number?
False
Is 21776417981 a prime number?
False
Is 44492314997 a composite number?
True
Is 12356424989 a composite number?
False
Is 356438711 prime?
False
Is 7682855489 prime?
True
Is 204407159933 composite?
True
Is 3722573891 a prime number?
True
Is 40293980917 composite?
False
Is 8556214939 a composite number?
False
Is 4691920931 composite?
False
Is 1880660549 a prime number?
False
Is 76894871 a prime number?
False
Is 107767951 a prime number?
False
Is 503305354 composite?
True
Is 8012231867 a prime number?
False
Is 71566721 composite?
True
Is 513045427 a prime number?
False
Is 62502790633 a composite number?
True
Is 1285073497 a prime number?
True
Is 19359725221 composite?
True
Is 53037011317 a prime number?
True
Is 165853331669 a prime number?
True
Is 353507399 prime?
False
Is 80783916791 prime?
False
Is 58435529 prime?
True
Is 2994710969 composite?
True
Is 52573985521 a composite number?
True
Is 14363478893 a composite number?
True
Is 12059198315 a prime number?
False
Is 3189270263 prime?
True
Is 5737626421 composite?
False
Is 9032040473 prime?
False
Is 20742087557 prime?
False
Is 21150632203 composite?
False
Is 16909652149 a prime number?
False
Is 1437406647 a prime number?
False
Is 133212271 composite?
False
Is 2400223687 composite?
False
Is 864198323 prime?
True
Is 59661939383 a prime number?
True
Is 10447478729 composite?
False
Is 47885798839 composite?
False
Is 10718642909 prime?
False
Is 17621789239 composite?
True
Is 16729110947 prime?
False
Is 7996842187 a composite number?
False
Is 2506201729 composite?
True
Is 28493158609 a composite number?
True
Is 315245523 a composite number?
True
Is 4498732813 prime?
True
Is 3447095255 a composite number?
True
Is 50874403187 composite?
False
Is 82794100303 prime?
False
Is 368709479 prime?
True
Is 150061701982 composite?
True
Is 35075067931 a prime number?
True
Is 12501430147 composite?
False
Is 4251830185 prime?
False
Is 3186211843 prime?
True
Is 117260023 prime?
True
Is 1293785007 a prime number?
False
Is 35083159379 prime?
True
Is 29078778691 composite?
False
Is 3524607067 a prime number?
True
Is 30196878347 a prime number?
False
Is 902098057 prime?
False
Is 8676252037 composite?
False
Is 84605407 a prime number?
False
Is 1087724153 a composite number?
False
Is 139352299 a composite number?
False
Is 1397533007 a composite number?
True
Is 953791661 prime?
False
Is 51065507 a prime number?
False
Is 83271109193 a prime number?
True
I